{"id":308,"date":"2016-03-02T09:17:22","date_gmt":"2016-03-02T09:17:22","guid":{"rendered":"http:\/\/bridge8.qodeinteractive.com\/?page_id=308"},"modified":"2021-04-09T13:06:59","modified_gmt":"2021-04-09T13:06:59","slug":"contact-us","status":"publish","type":"page","link":"http:\/\/inoximes.es\/index.php\/contact-us\/","title":{"rendered":"\u00bfHABLAMOS?"},"content":{"rendered":"<p>[vc_row css_animation=\u00bb\u00bb row_type=\u00bbrow\u00bb use_row_as_full_screen_section=\u00bbno\u00bb type=\u00bbgrid\u00bb angled_section=\u00bbno\u00bb text_align=\u00bbcenter\u00bb background_image_as_pattern=\u00bbwithout_pattern\u00bb css=\u00bb.vc_custom_1456911573069{padding-top: 112px !important;padding-bottom: 57px !important;}\u00bb][vc_column offset=\u00bbvc_col-lg-offset-3 vc_col-lg-6&#8243;][vc_column_text]<\/p>\n<h2>BLANES, GIRONA<\/h2>\n<p>[\/vc_column_text][vc_separator type=\u00bbtransparent\u00bb up=\u00bb20&#8243; down=\u00bb0&#8243;][vc_column_text]<\/p>\n<h3 style=\"text-align: center;\"><span lang=\"es\">Disponemos de un gran centro de producci\u00f3n situado en Blanes (Girona), el portal de la Costa Brava, donde contribuimos a la sostenibilidad y respeto por el medio ambiente, mediante reciclaje y reutilizaci\u00f3n de materiales.<\/span><\/h3>\n<p>[\/vc_column_text][\/vc_column][\/vc_row][vc_row css_animation=\u00bb\u00bb row_type=\u00bbrow\u00bb use_row_as_full_screen_section=\u00bbno\u00bb type=\u00bbfull_width\u00bb angled_section=\u00bbno\u00bb text_align=\u00bbleft\u00bb background_image_as_pattern=\u00bbwithout_pattern\u00bb css=\u00bb.vc_custom_1614114647429{margin-right: 30px !important;}\u00bb z_index=\u00bb\u00bb][vc_column width=\u00bb2\/3&#8243;][vc_separator type=\u00bbtransparent\u00bb up=\u00bb2&#8243; down=\u00bb0&#8243;][vc_gmaps link=\u00bb#E-8_JTNDaWZyYW1lJTIwc3JjJTNEJTIyaHR0cHMlM0ElMkYlMkZ3d3cuZ29vZ2xlLmNvbSUyRm1hcHMlMkZlbWJlZCUzRnBiJTNEJTIxMW0xOCUyMTFtMTIlMjExbTMlMjExZDI5ODAuMTYwNTA2MzU1MTg2NSUyMTJkMi43NzUzNDcyMTU1Njg2NTclMjEzZDQxLjY3Mzg3Njg3OTIzODg1JTIxMm0zJTIxMWYwJTIxMmYwJTIxM2YwJTIxM20yJTIxMWkxMDI0JTIxMmk3NjglMjE0ZjEzLjElMjEzbTMlMjExbTIlMjExczB4MTJiYjNkODljNWI1NTM3YiUyNTNBMHhmY2Q5NDg0ZTQ2ODM2MmY0JTIxMnNBdi4lMjUyMGQlMjYlMjMzOSUzQkV1cm9wYSUyNTJDJTI1MjAyNiUyNTJDJTI1MjAxNzMwMCUyNTIwQmxhbmVzJTI1MkMlMjUyMEdpcm9uYSUyMTVlMCUyMTNtMiUyMTFzZXMlMjEyc2VzJTIxNHYxNjEzNTk2NDY5ODQyJTIxNW0yJTIxMXNlcyUyMTJzZXMlMjIlMjB3aWR0aCUzRCUyMjYwMCUyMiUyMGhlaWdodCUzRCUyMjQ1MCUyMiUyMGZyYW1lYm9yZGVyJTNEJTIyMCUyMiUyMHN0eWxlJTNEJTIyYm9yZGVyJTNBMCUzQiUyMiUyMGFsbG93ZnVsbHNjcmVlbiUzRCUyMiUyMiUyMGFyaWEtaGlkZGVuJTNEJTIyZmFsc2UlMjIlMjB0YWJpbmRleCUzRCUyMjAlMjIlM0UlM0MlMkZpZnJhbWUlM0U=\u00bb css=\u00bb.vc_custom_1613596556815{margin-left: 30px !important;}\u00bb][vc_separator type=\u00bbtransparent\u00bb up=\u00bb58&#8243; down=\u00bb0&#8243;][\/vc_column][vc_column width=\u00bb1\/3&#8243;][vc_empty_space height=\u00bb21px\u00bb][vc_column_text]<\/p>\n<h4>Oficinas<\/h4>\n<p>[\/vc_column_text][vc_empty_space][vc_column_text]Si tienes entre manos alg\u00fan nuevo prop\u00f3sito o alguna renovaci\u00f3n en tu empresa comp\u00e1rtelo con nosotros, estudiaremos tu proyecto y te presentaremos una propuesta sin compromiso.<\/p>\n<p>&nbsp;<\/p>\n<p>No dudes en llamarnos o enviarnos un email y estaremos encantados de ayudarte a hacerlo posible.<\/p>\n<p>&nbsp;<\/p>\n<p>\ud83e\uddbe Te garantizamos los mejores resultados[\/vc_column_text][vc_separator type=\u00bbnormal\u00bb][vc_column_text]inoximes@gmail.com<\/p>\n<p>\u260e\ufe0f 626 79 21 25 \/\/ 872 50 68 91<\/p>\n<p>[\/vc_column_text][vc_separator type=\u00bbtransparent\u00bb up=\u00bb38&#8243; down=\u00bb0&#8243;]<span data-type=\"square\" data-hover-bg-color=\"#303030\" data-hover-icon-color=\"#ffffff\" class=\"qode_icon_shortcode fa-stack q_font_awsome_icon_square fa-lg  \" style=\"background-color: #ffffff;border: 2px solid #303030;margin: 0 8px 0 0;font-size: 13px;font-size: 18px;border-radius: 3px; \"><a   itemprop=\"url\" href=\"https:\/\/www.facebook.com\/inoximes\" target=\"_blank\"><span aria-hidden=\"true\" class=\"qode_icon_font_elegant social_facebook qode_icon_element\" style=\"font-size: 13px;color: #303030;\" ><\/span><\/a><\/span><span data-type=\"square\" data-hover-bg-color=\"#303030\" data-hover-icon-color=\"#ffffff\" class=\"qode_icon_shortcode fa-stack q_font_awsome_icon_square fa-lg  \" style=\"background-color: #ffffff;border: 2px solid #303030;margin: 0 8px 0 0;font-size: 13px;font-size: 18px;border-radius: 3px; \"><a   itemprop=\"url\" href=\"https:\/\/www.linkedin.com\/company\/inox-i-m\u00e9s\/?viewAsMember=true\" target=\"_blank\"><span aria-hidden=\"true\" class=\"qode_icon_font_elegant social_linkedin qode_icon_element\" style=\"font-size: 13px;color: #303030;\" ><\/span><\/a><\/span><span data-type=\"square\" data-hover-bg-color=\"#303030\" data-hover-icon-color=\"#ffffff\" class=\"qode_icon_shortcode fa-stack q_font_awsome_icon_square fa-lg  \" style=\"background-color: #ffffff;border: 2px solid #303030;font-size: 13px;font-size: 18px;border-radius: 3px; \"><a   itemprop=\"url\" href=\"https:\/\/www.instagram.com\/inoximes.inoxiblanes\/\" target=\"_blank\"><span aria-hidden=\"true\" class=\"qode_icon_font_elegant social_instagram qode_icon_element\" style=\"font-size: 13px;color: #303030;\" ><\/span><\/a><\/span>[\/vc_column][\/vc_row]<\/p>\n","protected":false},"excerpt":{"rendered":"<p>[vc_row css_animation=\u00bb\u00bb row_type=\u00bbrow\u00bb use_row_as_full_screen_section=\u00bbno\u00bb type=\u00bbgrid\u00bb angled_section=\u00bbno\u00bb text_align=\u00bbcenter\u00bb background_image_as_pattern=\u00bbwithout_pattern\u00bb css=\u00bb.vc_custom_1456911573069{padding-top: 112px !important;padding-bottom: 57px !important;}\u00bb][vc_column offset=\u00bbvc_col-lg-offset-3 vc_col-lg-6&#8243;][vc_column_text] BLANES, GIRONA [\/vc_column_text][vc_separator type=\u00bbtransparent\u00bb up=\u00bb20&#8243; down=\u00bb0&#8243;][vc_column_text] Disponemos de un gran centro de producci\u00f3n situado en Blanes (Girona), el portal de la Costa Brava, donde contribuimos a la sostenibilidad y respeto&#8230;<\/p>\n","protected":false},"author":1,"featured_media":0,"parent":0,"menu_order":0,"comment_status":"closed","ping_status":"closed","template":"full_width.php","meta":[],"_links":{"self":[{"href":"http:\/\/inoximes.es\/index.php\/wp-json\/wp\/v2\/pages\/308"}],"collection":[{"href":"http:\/\/inoximes.es\/index.php\/wp-json\/wp\/v2\/pages"}],"about":[{"href":"http:\/\/inoximes.es\/index.php\/wp-json\/wp\/v2\/types\/page"}],"author":[{"embeddable":true,"href":"http:\/\/inoximes.es\/index.php\/wp-json\/wp\/v2\/users\/1"}],"replies":[{"embeddable":true,"href":"http:\/\/inoximes.es\/index.php\/wp-json\/wp\/v2\/comments?post=308"}],"version-history":[{"count":29,"href":"http:\/\/inoximes.es\/index.php\/wp-json\/wp\/v2\/pages\/308\/revisions"}],"predecessor-version":[{"id":889,"href":"http:\/\/inoximes.es\/index.php\/wp-json\/wp\/v2\/pages\/308\/revisions\/889"}],"wp:attachment":[{"href":"http:\/\/inoximes.es\/index.php\/wp-json\/wp\/v2\/media?parent=308"}],"curies":[{"name":"wp","href":"https:\/\/api.w.org\/{rel}","templated":true}]}}